
Let z(w) = -108*w + 7405. Determine z(69).
-47
Let t(o) = -17*o**3 + 44*o**2 - 28*o - 5. Determine t(2).
-21
Let x(m) = -2*m**3 + 61*m**2 - 157*m - 18. What is x(3)?
6
Let q(t) = 77*t - 7011. Calculate q(91).
-4
Let o(q) = 2*q**3 - 81*q**2 + 754*q + 20. Give o(26).
20
Let m(c) = 2*c**2 + 44*c + 99. What is m(-23)?
145
Let o(z) = 2*z**3 - 393*z**2 - 166*z - 6086. Determine o(197).
21
Let v(o) = -2*o**2 - 2*o + 21. Determine v(-4).
-3
Let w(p) = -1767*p - 28269. What is w(-16)?
3
Let y(q) = -18*q - 157. What is y(-11)?
41
Let l(u) = u**3 - 11*u**2 - 22*u + 16. Calculate l(9).
-344
Let b(w) = -16*w**2 - 1050*w - 1664. Calculate b(-64).
0
Let z(u) = u**3 + 13*u**2 + 27*u + 19. Determine z(-12).
-161
Let g(x) = -747*x - 14214. Give g(-19).
-21
Let z(g) = g**3 - 14*g**2 + 36*g - 593. Calculate z(14).
-89
Let l(s) = -s + 29. Give l(7).
22
Let v(w) = -2*w**3 + 188*w**2 + 581*w + 91. What is v(97)?
-6
Let h(m) = -49*m - 650. What is h(-16)?
134
Let b(c) = 2*c**3 + 105*c**2 - 578*c - 1. Calculate b(5).
-16
Let t(g) = 2*g**2 - 12*g - 12. Determine t(-7).
170
Let v(w) = 2*w**2 - 3*w - 7. Give v(11).
202
Let h(i) = 13*i + 120. Calculate h(-19).
-127
Let d(n) = -4000*n - 152006. Determine d(-38).
-6
Let c(b) = b**3 + 16*b**2 + 24*b - 71. Calculate c(-14).
-15
Let b(d) = d**3 - 202*d**2 + 1183*d - 1364. Give b(196).
8
Let i(h) = 2*h**3 + 154*h**2 - 647*h + 98. Determine i(-81).
17
Let o(j) = -122*j + 112. Give o(2).
-132
Let b(x) = x**2 + 108*x + 2453. What is b(-76)?
21
Let x(u) = u**3 + 14*u**2 + 5*u + 259. Determine x(-15).
-41
Let o(c) = -c**2 - 111*c - 98. Calculate o(-110).
12
Let w(g) = -g**3 + 9*g**2 - 15*g - 8. Determine w(4).
12
Let l(u) = u**2 + 51*u + 84. Determine l(-49).
-14
Let i(m) = -6*m**2 - 25*m - 16. Determine i(-4).
-12
Let q(a) = a**2 + 23*a - 404. Determine q(-40).
276
Let t(b) = -b**2 + 25*b + 286. Determine t(-10).
-64
Let w(u) = -u**3 - 13*u**2 + 68*u + 758. Give w(-14).
2
Let r(o) = -5*o**2 + 26*o - 4. Determine r(5).
1
Let m(s) = s**2 + 29*s + 117. Calculate m(-22).
-37
Let o(b) = b**3 + 2*b**2 - 105*b - 11. Calculate o(10).
139
Let m(l) = l**3 - 50*l**2 - 889*l + 105. Give m(-14).
7
Let g(r) = 5*r**2 + 32*r - 14. Calculate g(0).
-14
Let w(t) = 8*t**2 + 11*t + 1. Give w(1).
20
Let o(g) = -29*g - 41. Give o(4).
-157
Let c(z) = z**3 - 26*z**2 + 148*z - 106. Calculate c(7).
-1
Let l(a) = -5*a**2 - 1213*a + 483. Determine l(-243).
-3
Let m(g) = -7*g**2 - 2*g + 8. Give m(2).
-24
Let g(q) = -103*q + 1651. Calculate g(16).
3
Let i(m) = m**3 + 26*m**2 - 127*m - 138. Calculate i(5).
2
Let j(r) = -r**2 - 82*r + 747. Determine j(-90).
27
Let p(f) = 44*f**3 - 17*f + 37. What is p(2)?
355
Let l(h) = -h**3 + 17*h - 36. Give l(-7).
188
Let u(d) = 583*d + 19825. What is u(-34)?
3
Let a(v) = v**3 + 166*v**2 + 649*v + 159. Give a(-162).
-3
Let o(p) = -147*p + 1919. Give o(13).
8
Let w(b) = -116*b + 140. Calculate w(1).
24
Let h(l) = -l**3 - 52*l**2 + 30*l + 1554. Calculate h(-52).
-6
Let i(n) = -4*n**2 - 34*n - 100. Calculate i(-14).
-408
Let s(k) = 41*k - 3323. What is s(81)?
-2
Let w(t) = t**3 + 42*t**2 + 358*t - 35. Give w(-12).
-11
Let g(p) = -p**3 + 46*p**2 - 47*p + 70. Calculate g(45).
-20
Let p(b) = -b**2 - 47*b - 60. Give p(-47).
-60
Let v(d) = -12*d - 566. What is v(3)?
-602
Let i(k) = 115*k**3 - k + 1. Calculate i(1).
115
Let n(g) = 547*g - 9306. Determine n(17).
-7
Let x(s) = s**3 + s**2 - s + 1. Calculate x(2).
11
Let d(u) = u**3 + 22*u**2 + 58*u - 255. Give d(-18).
-3
Let c(o) = -2053*o - 2049. Calculate c(-1).
4
Let m(q) = -86*q - 700. Calculate m(-8).
-12
Let i(s) = 1083*s - 1044. Give i(1).
39
Let c(n) = n**3 - 15*n**2 + 72*n + 31. Calculate c(5).
141
Let l(d) = -6*d**2 - 6*d - 10. Calculate l(-3).
-46
Let j(p) = -44*p**2 - 502*p - 32. Calculate j(-10).
588
Let q(w) = -w**2 + 36*w + 3397. Calculate q(79).
0
Let a(m) = 44*m - 112. Determine a(12).
416
Let c(n) = -n**2 - 1117*n - 7760. Calculate c(-7).
10
Let s(r) = r**3 - 20*r**2 - 304*r + 122. What is s(30)?
2
Let k(l) = -2*l**3 + 35*l**2 - 11*l + 393. Give k(17).
495
Let y(n) = 107*n - 1171. Determine y(6).
-529
Let z(y) = 2*y**2 + 318*y + 6669. What is z(-25)?
-31
Let q(x) = -x**3 - 8*x**2 + 36*x + 92. What is q(-2)?
-4
Let l(p) = 2*p**2 - 19*p - 135. Calculate l(16).
73
Let y(i) = -2*i**3 - 33*i**2 - 36*i + 8. Calculate y(-16).
328
Let p(y) = 7*y**2 - 90*y - 16. What is p(10)?
-216
Let v(b) = -788*b - 7896. Determine v(-10).
-16
Let i(s) = -145*s - 8934. Calculate i(-62).
56
Let k(j) = -1095*j + 4371. Determine k(4).
-9
Let z(v) = 1141*v + 39922. Give z(-35).
-13
Let w(o) = -o + 77. What is w(50)?
27
Let q(f) = -f**3 + 16*f**2 - 30*f + 450. What is q(16)?
-30
Let h(w) = -3*w**3 - 133*w**2 - 44*w - 17. What is h(-44)?
-17
Let y(z) = 19*z + 440. Determine y(-23).
3
Let y(n) = -n**2 + 573*n - 3401. Calculate y(6).
1
Let l(v) = -6*v + 42. Determine l(6).
6
Let z(t) = -30*t + 383. Determine z(12).
23
Let y(l) = l**3 - 14*l**2 + 23*l + 164. Give y(7).
-18
Let w(k) = 1115*k - 7814. Determine w(7).
-9
Let n(g) = -24*g + 456. Calculate n(18).
24
Let c(q) = -q**3 + 11*q**2 - 16*q - 49. What is c(9)?
-31
Let m(l) = -18*l**2 - 33*l - 80. Determine m(-3).
-143
Let n(w) = -100*w + 112. Calculate n(0).
112
Let h(s) = s**3 - 9*s**2 + 5*s + 40. Give h(8).
16
Let g(q) = 22*q**2 - 133*q + 171. What is g(2)?
-7
Let w(n) = -7*n**3 + 3*n**2 + 14*n - 20. Calculate w(0).
-20
Let k(h) = 3*h**3 + 19*h**2 + 11*h + 15. Give k(-6).
-15
Let v(g) = -18*g**3 - 3*g**2 + 2. Determine v(-2).
134
Let j(n) = 2*n**2 - 92*n + 16. Determine j(39).
-530
Let m(b) = -2*b**2 - 26*b + 547. Calculate m(11).
19
Let t(b) = -4*b**2 + 32*b - 53. Calculate t(5).
7
Let x(j) = -j**3 + 16*j**2 - 27*j - 34. Calculate x(14).
-20
Let l(o) = 95*o - 358. Give l(4).
22
Let c(w) = w**3 + 55*w**2 + 107*w + 53. Calculate c(-53).
0
Let w(j) = -3*j**2 - 604*j + 1641. What is w(-204)?
9
Let w(q) = -2*q**3 + 56*q**2 + 125*q - 149. Calculate w(30).
1
Let i(a) = 86*a - 138. Give i(-7).
-740
Let f(y) = 1134*y - 12479. Calculate f(11).
-5
Let f(z) = z**2 - 19*z - 172. What is f(-8)?
44
Let v(m) = -28*m + 182. Give v(6).
14
Let r(z) = -z**3 - 21*z**2 + 3*z + 64. Calculate r(-21).
1
Let f(u) = 1025*u + 3070. What is f(-3)?
-5
Let c(i) = 21*i + 422. Give c(-15).
107
Let a(t) = -t**3 - 11*t**2 + 127*t + 19. What is a(-18)?
1
Let m(a) = -204*a + 43. Determine m(-2).
451
Let z(a) = a**3 + 34*a**2 - 125*a - 172. What is z(-37)?
346
Let f(t) = 6*t**2 - 2*t - 9. What is f(4)?
79
Let j(f) = f**2 - 23*f - 232. What is j(30)?
-22
Let p(g) = -30*g**3 + 7*g**2 + 8*g + 2. What is p(-1)?
31
Let k(o) = 2*o**2 - 41*o + 233. What is k(6)?
59
Let n(t) = t**2 + 82*t + 1369. What is n(-59)?
12
Let o(l) = -651*l + 44274. Calculate o(68).
6
Let f(x) = 20*x**2 + 4*x - 2. Determine f(-1).
14
Let d(h) = h**3 - h**2 - 133*h - 259. Determine d(-2).
-5
Let r(u) = -u**3 + 11*u**2 - 36*u + 68. Determine r(7).
12
Let j(k) = 2*k**2 + 157*k + 973. What is j(-6)?
103
Let b(q) = -q**3 - 9*q**2 + 6*q + 66. Determine b(-7).
-74
Let v(r) = -r**3 + 66*r**2 - 68*r + 221. Calculate v(65).
26
Let g(u) = -u**3 - 6*u**2 - u + 19. Determine g(-6).
25
Let x(n) = n**2 + 19*n + 45. What is x(-16)?
-3
Let p(d) = d**3 - 6*d**2 - 7*d + 27. Calculate p(2).
-3
Let u(i) = 2*i + 119. Determine u(-40).
39
Let h(b) = -b**3 + 16*b**2 + 49*b - 236. Determine h(18).
-2
Let i(v) = -2*v**3 - v**2 + 16*v + 45. Give i(-3).
42
Let m(h) = -1158*h - 1129. Determine m(-1).
29
Let j(y) = 227*y**2 - 8*y + 10. Determine j(1).
229
Let a(b) = -b**3 - 16*b**2 + 6*b + 110. Determine a(-16).
14
Let y(l) = -l**2 + 44*l - 328. What is y(12)?
56
Let l(t) = t**2 - 34*t - 681. Determine l(-14).
-9
Let o(x) = -7*x**3 - 6*x**2 + 8*x - 2. Determine o(1).
-7
Let p(w) = -2*w - 37. Give p(-5).
-27
Let o(f) = 38*f - 369. Calculate o(8).
-65
Let k(b) = 2*b**2 + 671*b - 4430. What is k(-342)?
16
Let j(b) = -b**3 - 10*b**2 - 25*b - 12. What is j(-4)?
-8
Let i(o) = o**2 + 13*o + 5. Determine i(-9).
-31
Let v(f) = 88*f. What is v(2)?
176
Let x(d) = d**3 + 12*d**2 + 11*d + 176. Determine x(-11).
176
Let u(x) = 97*x + 488. What is u(-5)?
3
Let v(x) = -4*x**2 - 183*x + 782. What is v(-50)?
-68
Let f(r) = 64*r**2 - 423*r + 14. Give f(7).
189
Let p(s) = s**2 + 233*s - 16525. Calculate p(-290).
5
Let y(c) = 14*c**3 - c**2 - 50*c + 54. Determi